me?
False
Let h = 98725 - 41996. Let u = -16528 + h. Is u composite?
True
Let l(i) = 982*i**3 + i**2 - i + 1. Let o = 46 - 45. Is l(o) composite?
False
Let h(u) be the second derivative of 49*u**3/2 + 3*u**2 + 4*u. Let c be h(5). Suppose x + 989 = 4*d + 6*x, -3*d + c = 4*x. Is d composite?
False
Let c = 3289 - 981. Let a = 6345 - c. Is a a composite number?
True
Let s be (-6)/(-8) - ((-189)/(-12) + -2). Let h(g) = -78*g - 21. Is h(s) composite?
True
Let f be (-6)/(-10)*(-22 + 97). Let j = 24 - f. Is (-5036)/(-6)*(j/(-2))/7 a composite number?
False
Let i(o) = 2290*o + 131. Suppose -5*n - 27 = -p, 5*n = 16 - 41. Is i(p) composite?
True
Let u(v) be the second derivative of -25*v**3/6 - 14*v**2 - 87*v. Is u(-15) a composite number?
False
Is (68*(-1)/12 + 6)*271059 a composite number?
False
Let f(v) = 16*v - 13. Let z(b) = 23*b - 24. Let y(p) = 11*f(p) - 6*z(p). Let j be ((-4)/2)/(4/(-10)). Is y(j) a composite number?
False
Suppose 4*q = -2*d + 371302, 0 = 56*q - 53*q. Is d composite?
False
Is 9 - (-17 + (-7 - 376818)) a prime number?
False
Suppose -6*n - 90274 = -347254. Suppose 11*b = 21*b - n. Is b composite?
False
Let y be 1/6 + (-8633268)/(-216). Let i = y - 22712. Is i a prime number?
True
Let k be (0 + -4)/(-8)*-8. Is ((-316)/(-237))/(k/(-17769)) composite?
False
Let s = 57805 + 26242. Is s prime?
True
Let f = 1470748 - 1035207. Is f prime?
True
Let j(c) = 279*c**2 + 9*c - 17. Let q(o) = 278*o**2 + 8*o - 17. Let h(f) = 5*j(f) - 4*q(f). Let a be h(-11). Suppose -l - 8*l + a = 0. Is l composite?
True
Let g be (-14)/35 - 24/(-10). Suppose -g*s + 0*a + 528 = -2*a, -5*s = 4*a - 1365. Is s composite?
False
Let m be 10/60 + 111905/6. Is 1/(-1 + 3) + m/6 prime?
True
Let y(a) = 121*a**2 + 14*a + 13. Let g(d) = -d. Let o(j) = 2*g(j) + y(j). Is o(6) prime?
True
Let n be 6/(-30) + 88/(-10). Let d be (-325)/45 + 7 + (-23078)/n. Let j = d + -1003. Is j prime?
False
Let w = 442 - 429. Suppose 0 = -10*g + w*g - 1623. Is g a prime number?
True
Let i(v) = 29*v**2 + 11*v + 5. Let a(n) = -145*n**2 - 56*n - 24. Let q(s) = 2*a(s) + 11*i(s). Is q(-5) a composite number?
True
Let y = 94 - 98. Is (4 + 0 - (9 + y))*-1903 a composite number?
True
Suppose -65*d = -190756 - 1123999. Is d composite?
True
Let o(a) = 75*a**2 - 16*a + 32. Let n be o(2). Let g = 8 - 6. Suppose g*j - 74 = n. Is j prime?
False
Let y(h) = -2*h**2 + 13*h - 8. Suppose -25 = -85*c + 80*c. Let v be y(c). Suppose -9*f + v*f = -3*l + 1442, -2370 = -5*l - 5*f. Is l a composite number?
True
Suppose -4*g = v - 229200, 2*g = -3*v + 92425 + 22185. Is g composite?
True
Suppose -14*r = -13*r - 1352. Suppose r + 6019 = -7*m. Let q = -560 - m. Is q a prime number?
False
Let c be (1 + -2)*(-3 - 4). Let o(v) = 5*v**3 + 6*v**2 - 11*v - 9. Let i be o(c). Let y = i + -1256. Is y a prime number?
False
Let p = 999045 - 663562. Is p a prime number?
False
Suppose 0 = -18*x + 10*x - 7576. Is x/(((-8)/(-36))/(6/(-9))) composite?
True
Suppose 27*g - 9015584 = -5*g. Is g prime?
True
Let p(s) = s**2 - 4*s - 5. Let x be p(5). Let c be (-4)/(-12) - 3971/(-3). Suppose v + 3*v - c = x. Is v a prime number?
True
Is (5 - 528699/(-15)) + 3/(-5) a composite number?
False
Let r = -39158 + 59481. Is r a prime number?
True
Let p(v) = 13*v**2 + 2*v + 6592. Is p(129) a prime number?
False
Is 335/(-201)*(-411582)/10 prime?
True
Suppose 35*y - 4978190 = 1105125. Is y prime?
False
Let v = 35 + -31. Let w(i) = 38*i**2 - 3*i + 5. Let x be w(v). Suppose -587 = -3*c + 9*l - 4*l, -3*c + x = 2*l. Is c composite?
False
Let t = -40 - -40. Suppose -3*q = k - 12, 2*q - q - k = t. Suppose -q*r + 61 = 4. Is r a prime number?
True
Let w(u) = 2117*u - 8. Suppose 3*h = -20*h + 115. Is w(h) a prime number?
False
Let t = -5047 - -20326. Suppose -4*l + 2*l = b - t, 2*b = -5*l + 38197. Is l a composite number?
False
Let h = 109 + -91. Suppose -h = -4*z - 5*z. Suppose -z*q = -5*u - 2518, -10*u - 3777 = -3*q - 9*u. Is q prime?
True
Let f be (12/7 - 2) + 8/28. Suppose 3*i - 2*q = -571, f = -4*i + q - 346 - 417. Is i*((-4)/1 - -2 - 1) a composite number?
True
Is 48/12 + 6*1*(-15622)/(-4) a composite number?
True
Suppose -6*c + 12*c - 120 = 0. Suppose -44609 = -5*h + 2*y, c*y = 22*y - 6. Is h prime?
True
Let j = -2447 - -5380. Suppose 4*q - j - 5723 = 0. Suppose -m - q = -5*m. Is m composite?
False
Suppose -63*m + 2254453 = -1617716. Is m a composite number?
False
Let t = 128 + -118. Suppose -2*i = -t, 3*y = y - 4*i + 814. Is y a prime number?
True
Let w be 136/(-48)*3 - -8 - (-38)/(-4). Let u(b) = -b**2 + b. Let s(z) = -z**3 + 15*z**2 - 12*z + 1. Let j(x) = s(x) + 6*u(x). Is j(w) a composite number?
True
Let h(k) = -5*k + 48. Let g be h(11). Let w be 33900/21 - (-2)/g. Suppose -4716 = -6*q + w. Is q composite?
True
Let m(l) = 9*l**2 + 13*l + 12. Let n be m(10). Is n/8*5/((-10)/(-24)) composite?
True
Is (-14)/(-56)*12391100/25 a prime number?
True
Let i = -32190 + 60088. Suppose 8*h = -5394 + i. Is h a composite number?
True
Let i be ((-98)/(-35))/(1/5). Let c(w) = 2*w**3 - 8*w**2 - 7*w - 35. Is c(i) a prime number?
False
Let q = -21 - -23. Suppose -10*n = -17*n + 30310. Suppose q*k + 12 = n. Is k a composite number?
True
Suppose 0*v - 216*v - 32308657 = -132618409. Is v composite?
True
Suppose -2*n + 6 = 0, 7*n - 5*n - 136171 = -5*v. Let q = v - 16206. Is q prime?
True
Suppose -11*o + 18811 = -5158. Is o a prime number?
True
Suppose a + r - 2761 = 0, 0 = 47*a - 51*a + 2*r + 11074. Suppose -61679 - a = -5*b. Is b prime?
True
Suppose -36 = -11*n + 30. Let z(y) = 10*y**2 + 10*y - 113. Is z(n) prime?
True
Let w(r) = 2206*r**2 + 2*r - 1. Let p(j) = -8*j + 8. Let m be p(4). Let u = -25 - m. Is w(u) composite?
False
Suppose 4*v = 20, 0 = 5*g - 5*v - 2806 - 684. Suppose t - g = -c, 0 = 5*t - 5*c + 2*c - 3499. Is t a prime number?
True
Suppose -165 + 10 = -31*n. Let x(q) = 104*q + 139. Is x(n) a composite number?
False
Let t(j) be the second derivative of -j**4/6 - 4*j**3/3 + 19*j**2/2 - 23*j. Let x(r) = -2*r**2 - 7*r + 19. Let d(g) = -6*t(g) + 7*x(g). Is d(0) a prime number?
True
Is 9309/(-214)*(-32)/12*17489/4 prime?
False
Suppose p - 5*v - 17 = -p, 4*p = 5*v + 9. Let c be 1 + 3*4/(-24)*p. Suppose 3 = 3*b, -c*s + 5*s + b - 663 = 0. Is s composite?
False
Let a be (-2)/(4/(-2 + -2)). Suppose -a*z - 1560 = 8*z. Let u = z - -829. Is u composite?
False
Suppose -281420 = -42*j + 778534. Is j composite?
False
Let k(m) = 66908*m**3 - 2*m**2 + 55*m - 4. Is k(3) composite?
True
Is (80277/(-7))/(153/(-357)) a prime number?
True
Let x(b) be the first derivative of 301*b**3/3 - 11*b**2/2 - 37*b - 83. Is x(-3) a composite number?
True
Let k(l) = 2*l**2 + 13*l + 1. Let b be k(-7). Let s(n) = 36*n**2 + n + 21. Is s(b) composite?
False
Suppose -2*h + 3 = -3*h - 4*m, 3*m = h + 3. Is (h - 5822)/(-5) - (2 + 0) a composite number?
False
Suppose -z = -2*t + 5*t - 21797, -21772 = -z + 2*t. Is z composite?
True
Let l = -16 + -12. Let b be (-129)/(-21) + 4/l. Suppose 5*t + 116 = 3*a, 4*t - b = 2*a - 84. Is a prime?
True
Let a(p) = -3 + 24*p - p**2 - 13*p - 17*p. Let m be a(-2). Suppose -m*g - 97 + 1632 = 0. Is g prime?
True
Suppose -4*b = 2*t - 30 + 2, -2 = -2*b + 2*t. Suppose -2*v + 6 = 0, -3*m = -b*v - 0*v + 5424. Let a = m + 3010. Is a composite?
True
Suppose 3*p = -4*o + 80185, -5*o - 85*p = -90*p - 100240. Is o a prime number?
True
Let j(g) = 1594*g**2 + 25*g + 20. Let l(w) = -797*w**2 - 13*w - 9. Let r(d) = -4*j(d) - 9*l(d). Is r(2) composite?
True
Let z(u) be the third derivative of u**6/120 - u**5/30 + 5*u**4/24 - 13*u**3/6 + 24*u**2. Let m = -21 - -26. Is z(m) a composite number?
True
Let j = 844269 - 600500. Is j a composite number?
False
Suppose -226810 - 459470 = -15*s. Suppose -3*o + 59631 = 2*q, 5*o - 43692 = -3*q + s. Is q composite?
True
Let d = 194 + -180. Is d/7*894/4 prime?
False
Let l(b) = 131*b**2 - 8*b - 4. Suppose -3*a = -4*d + 8, -5*a - 3 = -5*d + 2. Let u be l(a). Let k = -703 + u. Is k composite?
True
Let c(r) = 4*r - 16. Let a be c(4). Suppose a = -2*s - 13*i + 14*i + 20893, 3*s = -4*i + 31345. Is s prime?
False
Let w(o) be the second derivative of -o**4/6 + 3*o**2/2 + o. Let r be w(0). Is ((-2196)/8)/r*10/(-3) prime?
False
Suppose -3*t + 98 + 31 = 0. Suppose f - j + 3 = 5, -4*f - 3*j + t = 0. Suppose 3*p - 4*g - 113 = 0, 4*p - 152 = 11*g - f*g. Is p a composi